29*c + 30540. Calculate q(-6).
234
Let i(r) = 13145*r + 302345. Determine i(-23).
10
Let b(q) = -8*q**3 + 10*q**2 + 29*q - 22. Give b(5).
-627
Let k(z) = 11*z**2 - 175*z + 751. Determine k(5).
151
Let g(t) = 4*t**3 + 19*t**2 + 320*t + 1284. Give g(-4).
52
Let f(r) = -r**2 - 754*r - 5892. Give f(-8).
76
Let c(f) = 45*f**2 + 2082*f - 6600. Give c(3).
51
Let d(y) = -4*y**2 + 325*y - 1946. What is d(7)?
133
Let y(g) = -179*g - 5012. What is y(-22)?
-1074
Let q(k) = 3*k**3 - 538*k**2 + 713*k + 70. Calculate q(178).
248
Let w(p) = -p**3 - 7*p**2 + 18*p - 118. Determine w(5).
-328
Let p(u) = u**3 + 94*u**2 + 1431*u + 452. Give p(-75).
2
Let y(w) = -49*w**3 + 419*w**2 - 246*w + 233. Give y(8).
-7
Let c(x) = 484*x + 66341. Determine c(-142).
-2387
Let m(d) = 2*d**3 + 101*d**2 - 1557*d + 1139. Give m(-63).
5
Let n(b) = -24738*b + 692674. What is n(28)?
10
Let a(h) = h**3 - 204*h**2 + 1566*h + 595. Give a(196).
203
Let j(w) = -2538*w - 63444. What is j(-25)?
6
Let r(o) = -2*o**3 + 7*o**2 - 176*o + 519. Calculate r(3).
0
Let k(o) = -2325*o - 32484. Give k(-14).
66
Let r(k) = -10*k**3 + 63*k**2 - 1512*k + 8993. What is r(6)?
29
Let i(t) = -1216*t - 82777. Determine i(-68).
-89
Let a(n) = 163*n**3 - 65*n + 3. What is a(0)?
3
Let c(g) = 914*g - 320814. Calculate c(351).
0
Let k(a) = 22*a**3 + 6*a**2 + 28*a - 97. Give k(3).
635
Let i(n) = n**3 - 30*n**2 - 561*n + 69. Give i(-13).
95
Let k(p) = 1312*p - 22580. Calculate k(18).
1036
Let m(o) = -6*o**2 + 390*o - 5785. What is m(42)?
11
Let v(r) = -15*r**2 + 64*r + 208. Give v(-5).
-487
Let w(p) = -7*p**3 + 491*p**2 - 71*p + 204. Give w(70).
134
Let y(s) = s**3 + 4*s**2 - 383*s + 2129. What is y(13)?
23
Let c(t) = 41*t**3 - 696*t**2 + 365*t - 6487. Determine c(17).
7
Let n(t) = 3616*t - 93930. Determine n(26).
86
Let b(y) = -3*y**3 + 35*y**2 + 201*y + 30. Determine b(16).
-82
Let v(i) = 14833*i + 7490672. Determine v(-505).
7
Let r(a) = -55*a**2 + 31463*a - 33111. What is r(571)?
7
Let i(h) = 4*h**2 - 5456*h - 38384. Calculate i(-7).
4
Let d(p) = -441*p + 1691. Determine d(4).
-73
Let b(j) = 4*j**2 - 5410*j - 35318. Calculate b(1359).
16
Let a(j) = -188754*j - 1132516. Calculate a(-6).
8
Let o(d) = -2*d**3 + 1071*d**2 + 2687*d + 1417. Calculate o(538).
-197
Let z(s) = s**2 + 64*s - 255. What is z(0)?
-255
Let a(n) = -2773486*n + 38828813. Give a(14).
9
Let r(l) = -201*l + 38796. Calculate r(193).
3
Let h(p) = 95*p + 4123. Determine h(-44).
-57
Let d(f) = -f**2 + 16198*f - 339703. Calculate d(21).
14
Let w(l) = -3*l**3 - 205*l**2 - 3133*l - 225686. Give w(-69).
13
Let a(w) = -w**3 + 226*w**2 + 117*w + 25008. Calculate a(227).
38
Let k(f) = 1702*f - 330131. Determine k(194).
57
Let n(w) = 763*w + 8128. Calculate n(-12).
-1028
Let z(w) = -23415*w**3 - 23412*w**2 + 2*w. What is z(-1)?
1
Let w(q) = 343*q**2 + 118*q - 349. Calculate w(2).
1259
Let d(g) = 366*g - 70803. Calculate d(194).
201
Let v(m) = m**2 - 73*m + 411. Determine v(65).
-109
Let l(a) = 3*a**3 + 6*a**2 - 3622*a - 14446. Calculate l(-4).
-54
Let b(d) = d**2 - 1328*d + 9250. What is b(7)?
3
Let l(f) = -f**2 + 475*f - 19727. Determine l(45).
-377
Let j(q) = -9*q**3 - 10*q**2 + 50*q - 105. Determine j(5).
-1230
Let t(j) = -1425*j**2 + 72670*j + 263. Give t(51).
8
Let t(o) = -o**3 - 16*o**2 + 10958*o - 322. Calculate t(-113).
17
Let f(s) = -194*s**2 - 10994*s + 3653. Give f(-57).
5
Let t(v) = v**3 + 27*v**2 - 95*v - 213. What is t(-30)?
-63
Let o(l) = 22*l**2 - 2792*l + 2373. What is o(126)?
-147
Let p(y) = -y**3 + 7*y**2 + 15*y - 84. Give p(0).
-84
Let w(a) = -a**3 - 31*a**2 - 105*a - 145. Give w(-25).
-1270
Let m(r) = -1350*r + 95859. Calculate m(71).
9
Let r(t) = 329*t**2 - 2696*t + 513. Determine r(8).
1
Let h(s) = -72727*s - 436357. Determine h(-6).
5
Let i(a) = -6*a**3 - 385*a**2 - 25*a + 1931. What is i(-64)?
-565
Let h(s) = -s**2 - 90236*s + 631706. Give h(7).
5
Let t(b) = b**3 - 338*b**2 - 4550*b + 61. What is t(-13)?
-108
Let d(m) = 16*m - 6857. What is d(300)?
-2057
Let h(y) = 4*y**2 - 66114*y + 66106. What is h(1)?
-4
Let t(z) = -191*z**2 + 1527*z + 1527. Calculate t(-1).
-191
Let p(n) = 2*n**3 - 32*n**2 + 746*n - 8. Calculate p(0).
-8
Let y(s) = -s**3 + 6*s**2 + 415*s - 136. What is y(24)?
-544
Let w(t) = -2*t**3 - 25*t**2 + 5*t - 59. What is w(-12)?
-263
Let i(v) = 2203*v - 861370. Give i(391).
3
Let b(g) = 63*g**2 + 36961*g - 11738. Determine b(-587).
2
Let d(c) = -142358*c + 142387. Give d(1).
29
Let d(k) = 121335*k - 242647. What is d(2)?
23
Let u(i) = -11170*i + 43982. Give u(4).
-698
Let b(w) = w**3 - 43*w**2 + 126*w - 260. Give b(40).
-20
Let z(g) = -924*g**2 + 4558*g + 186. What is z(5)?
-124
Let i(c) = -166*c**3 - 662*c**2 + 14*c + 31. Give i(-4).
7
Let f(h) = -8*h**3 + 30*h**2 + 91*h - 180. What is f(8)?
-1628
Let q(y) = y**3 - 1504*y**2 - 21269*y - 15. Give q(-14).
223
Let k(q) = 107803*q - 538944. What is k(5)?
71
Let g(a) = 1552*a + 159887. Give g(-103).
31
Let h(k) = -387*k + 17447. Give h(45).
32
Let g(z) = -2*z**2 + 3378*z - 195504. Determine g(60).
-24
Let o(g) = -2854*g**3 + 2*g**2 - 9*g + 7. Calculate o(1).
-2854
Let r(f) = -28772*f + 258888. What is r(9)?
-60
Let q(a) = -93740*a - 11061323. Calculate q(-118).
-3
Let q(t) = 2*t**2 + 84*t - 65. Determine q(-46).
303
Let y(g) = -16149*g + 3698096. Calculate y(229).
-25
Let u(s) = 4*s**2 + 158*s - 5405. Calculate u(-61).
-159
Let y(p) = p**3 + 3*p**2 - 156*p - 140. Calculate y(-13).
198
Let v(q) = 5*q**3 + 86*q**2 + 106*q + 256. Calculate v(-16).
96
Let f(u) = -71881*u - 575044. Calculate f(-8).
4
Let x(l) = -1483*l - 32655. Calculate x(-22).
-29
Let b(m) = 2*m**3 + 801*m**2 - 39566*m + 17358. Determine b(-445).
3
Let o(w) = -w**3 + 132*w**2 + 2195*w + 979. Calculate o(147).
-491
Let y(s) = -2960*s + 2131258. Determine y(720).
58
Let h(k) = 120*k**2 - 8478*k - 3006. Determine h(71).
-24
Let t(g) = -160*g**2 - 205*g - 200. Determine t(-1).
-155
Let w(k) = -1161*k - 54489. What is w(-47)?
78
Let h(s) = 6*s**3 - 9*s**2 - 263*s + 65. Calculate h(7).
-159
Let b(t) = 7*t**2 + 2704*t - 12557. Calculate b(-391).
346
Let a(d) = -56*d**2 - 4001*d + 1876. Give a(-72).
-356
Let w(s) = 925*s + 91820. Give w(-99).
245
Let h(n) = 17*n - 10859. Determine h(639).
4
Let d(m) = -30*m**3 + 3239*m**2 + 107*m + 107. What is d(108)?
-1
Let k(h) = 151*h + 115. What is k(-10)?
-1395
Let t(y) = -782*y - 7593. Calculate t(-9).
-555
Let a(w) = -w**3 - 3*w**2 - 1196*w + 6014. Give a(5).
-166
Let a(z) = -4*z**3 - 709*z**2 + 516*z + 486. Calculate a(-178).
3690
Let z(l) = 577*l - 1149. Give z(2).
5
Let j(r) = -r**3 + 89*r**2 - 47*r + 3953. Calculate j(89).
-230
Let v(k) = 28*k**2 - 981*k + 4326. Give v(30).
96
Let u(h) = -3074*h + 13465. Calculate u(4).
1169
Let w(j) = -3*j**3 + 4*j**2 - 1682*j + 3337. Give w(2).
-35
Let v(o) = 2*o**2 + 1532*o - 49386. Give v(31).
28
Let z(a) = a**2 - 214*a - 3824. Give z(-16).
-144
Let n(u) = -u**3 + 16*u**2 + 376*u + 18. What is n(29)?
-11
Let s(b) = 11*b**2 + 294*b - 5300. Determine s(-39).
-35
Let j(g) = -2*g**3 - 13*g**2 + 2*g + 449. Determine j(0).
449
Let y(h) = 89939*h - 2068492. What is y(23)?
105
Let v(x) = -2*x**3 - 248*x**2 - 25*x - 2971. What is v(-124)?
129
Let p(j) = -55*j - 7435. What is p(-128)?
-395
Let v(o) = 2863*o + 5419663. What is v(-1893)?
4
Let s(d) = -20096*d + 1507207. Determine s(75).
7
Let d(t) = -10*t**3 + 2*t**2 + 20*t + 39. What is d(-2)?
87
Let m(s) = s**3 + 11*s**2 - 222*s + 576. Calculate m(8).
16
Let l(m) = m**3 + 6*m**2 + 133*m + 1551. What is l(-10)?
-179
Let m(u) = -24*u**2 + 8962*u + 8958. Determine m(-1).
-28
Let j(n) = 51*n - 753. What is j(48)?
1695
Let a(t) = t**3 + 213*t**2 + 1960*t + 324547. Give a(-211).
29
Let y(p) = 4*p**2 + 332*p - 1341. Give y(-86).
-309
Let k(m) = 17*m**3 + 237*m**2 - 47*m + 3366. Determine k(-15).
21
Let j(g) = g**2 - 128*g + 2090. What is j(90)?
-1330
Let p(u) = 18*u**2 + 2719*u - 14033. Determine p(5).
12
Let y(f) = -11*f**2 + 562*f - 7. Calculate y(50).
593
Let r(l) = 174*l**2 - 10271*l + 150. Calculate r(59).
-145
Let y(l) = -1689*l**2 - 4988*l + 5. Determine y(-3).
-232
Let k(i) = 40*i**2 - 2012*i + 2002. Give k(1).
30
Let x(b) = 22*b**2 - 121*b + 403. Give x(5).
348
Let f(x) = x**3 - 84*x**2 + 903*x - 26. Determine f(13).
-286
Let a(v) = 10327*v - 227215. Calculate a(22).
-21
Let z(s) = -s**3 + 7*